{"id":73,"date":"2022-04-13T15:59:25","date_gmt":"2022-04-13T13:59:25","guid":{"rendered":"http:\/\/swco.de\/?page_id=73"},"modified":"2022-06-23T17:16:51","modified_gmt":"2022-06-23T15:16:51","slug":"kontakt","status":"publish","type":"page","link":"https:\/\/swco.de\/?page_id=73","title":{"rendered":"Kontakt"},"content":{"rendered":"\n<div class=\"wp-block-cover has-background-dim\" style=\"min-height:142px\"><img loading=\"lazy\" width=\"1024\" height=\"133\" class=\"wp-block-cover__image-background wp-image-31\" alt=\"\" src=\"https:\/\/swco.de\/wp-content\/uploads\/2022\/04\/services-1024x133.jpg\" data-object-fit=\"cover\" srcset=\"https:\/\/swco.de\/wp-content\/uploads\/2022\/04\/services-1024x133.jpg 1024w, https:\/\/swco.de\/wp-content\/uploads\/2022\/04\/services-300x39.jpg 300w, https:\/\/swco.de\/wp-content\/uploads\/2022\/04\/services-768x100.jpg 768w, https:\/\/swco.de\/wp-content\/uploads\/2022\/04\/services-1536x200.jpg 1536w, https:\/\/swco.de\/wp-content\/uploads\/2022\/04\/services-920x120.jpg 920w, https:\/\/swco.de\/wp-content\/uploads\/2022\/04\/services-230x30.jpg 230w, https:\/\/swco.de\/wp-content\/uploads\/2022\/04\/services-350x46.jpg 350w, https:\/\/swco.de\/wp-content\/uploads\/2022\/04\/services-480x63.jpg 480w, https:\/\/swco.de\/wp-content\/uploads\/2022\/04\/services.jpg 1920w\" sizes=\"(max-width: 1024px) 100vw, 1024px\" \/><div class=\"wp-block-cover__inner-container\">\n<p class=\"has-text-align-center has-large-font-size\">Kontakt<\/p>\n<\/div><\/div>\n\n\n\n<div style=\"height:25px\" aria-hidden=\"true\" class=\"wp-block-spacer\"><\/div>\n\n\n<p><strong>Bei uns sind Sie immer herzlich willkommen!<\/strong><\/p>\n<p>Wir haben Ihr Interesse geweckt? Sie haben Fragen?<br>Jederzeit k\u00f6nnen Sie sich mit uns in Verbindung setzen, ob per Mail oder Telefon. Unsere Messepr\u00e4senzen finden Sie au\u00dferdem <a href=\"https:\/\/swco.de\/?page_id=289\">HIER<\/a>.<br>Wir freuen uns auf Sie!<\/p>\n\n\n<div class=\"wp-block-columns\">\n<div class=\"wp-block-column\">\n<figure class=\"wp-block-image size-full is-style-rounded\"><img loading=\"lazy\" width=\"305\" height=\"309\" src=\"https:\/\/swco.de\/wp-content\/uploads\/2022\/04\/PicsArt_12-17-10.41.51.jpg\" alt=\"\" class=\"wp-image-75\" srcset=\"https:\/\/swco.de\/wp-content\/uploads\/2022\/04\/PicsArt_12-17-10.41.51.jpg 305w, https:\/\/swco.de\/wp-content\/uploads\/2022\/04\/PicsArt_12-17-10.41.51-296x300.jpg 296w, https:\/\/swco.de\/wp-content\/uploads\/2022\/04\/PicsArt_12-17-10.41.51-230x233.jpg 230w\" sizes=\"(max-width: 305px) 100vw, 305px\" \/><\/figure>\n\n\n\n<p style=\"text-align: center;\">Adresse:<br>Max-Weber-Stra\u00dfe 6<br>25451 Quickborn<\/p>\n<\/div>\n\n\n\n<div class=\"wp-block-column\">\n<figure class=\"wp-block-image size-large is-style-rounded\"><img loading=\"lazy\" width=\"1011\" height=\"1024\" src=\"https:\/\/swco.de\/wp-content\/uploads\/2022\/04\/Picsart_22-04-14_13-01-24-786-1011x1024.jpg\" alt=\"\" class=\"wp-image-239\" srcset=\"https:\/\/swco.de\/wp-content\/uploads\/2022\/04\/Picsart_22-04-14_13-01-24-786-1011x1024.jpg 1011w, https:\/\/swco.de\/wp-content\/uploads\/2022\/04\/Picsart_22-04-14_13-01-24-786-296x300.jpg 296w, https:\/\/swco.de\/wp-content\/uploads\/2022\/04\/Picsart_22-04-14_13-01-24-786-768x778.jpg 768w, https:\/\/swco.de\/wp-content\/uploads\/2022\/04\/Picsart_22-04-14_13-01-24-786-1516x1536.jpg 1516w, https:\/\/swco.de\/wp-content\/uploads\/2022\/04\/Picsart_22-04-14_13-01-24-786-920x932.jpg 920w, https:\/\/swco.de\/wp-content\/uploads\/2022\/04\/Picsart_22-04-14_13-01-24-786-230x233.jpg 230w, https:\/\/swco.de\/wp-content\/uploads\/2022\/04\/Picsart_22-04-14_13-01-24-786-350x355.jpg 350w, https:\/\/swco.de\/wp-content\/uploads\/2022\/04\/Picsart_22-04-14_13-01-24-786-480x486.jpg 480w, https:\/\/swco.de\/wp-content\/uploads\/2022\/04\/Picsart_22-04-14_13-01-24-786.jpg 1752w\" sizes=\"(max-width: 1011px) 100vw, 1011px\" \/><\/figure>\n\n\n\n<p style=\"text-align: center;\">Fax:<br>+49 4106 6413519<\/p>\n<\/div>\n\n\n\n<div class=\"wp-block-column\">\n<figure class=\"wp-block-image size-full is-resized is-style-rounded\"><img loading=\"lazy\" src=\"https:\/\/swco.de\/wp-content\/uploads\/2022\/04\/PicsArt_12-17-10.41.06.jpg\" alt=\"\" class=\"wp-image-76\" width=\"245\" height=\"261\"\/><\/figure>\n\n\n\n<p style=\"text-align: center;\">Telefon:&nbsp; <br><a href=\"tel:+4941066413610\">+49 4106 6413510<\/a><\/p>\n<\/div>\n\n\n\n<div class=\"wp-block-column\">\n<figure class=\"wp-block-image size-full is-resized is-style-rounded\"><img loading=\"lazy\" src=\"https:\/\/swco.de\/wp-content\/uploads\/2022\/04\/PicsArt_12-17-10.41.24.jpg\" alt=\"\" class=\"wp-image-77\" width=\"253\" height=\"264\"\/><\/figure>\n\n\n\n<p style=\"text-align: center;\">Email:<br><a href=\"mailto:info@paperstyle.de\">info@paperstyle.de<\/a><\/p>\n<\/div>\n\n\n\n<div class=\"wp-block-column\">\n<figure class=\"wp-block-image size-full is-style-default\"><img loading=\"lazy\" width=\"322\" height=\"323\" src=\"https:\/\/swco.de\/wp-content\/uploads\/2022\/04\/PicsArt_12-17-10.40.43.jpg\" alt=\"\" class=\"wp-image-78\" srcset=\"https:\/\/swco.de\/wp-content\/uploads\/2022\/04\/PicsArt_12-17-10.40.43.jpg 322w, https:\/\/swco.de\/wp-content\/uploads\/2022\/04\/PicsArt_12-17-10.40.43-300x300.jpg 300w, https:\/\/swco.de\/wp-content\/uploads\/2022\/04\/PicsArt_12-17-10.40.43-150x150.jpg 150w, https:\/\/swco.de\/wp-content\/uploads\/2022\/04\/PicsArt_12-17-10.40.43-230x231.jpg 230w\" sizes=\"(max-width: 322px) 100vw, 322px\" \/><\/figure>\n\n\n\n<p style=\"text-align: center;\">Instagram<br \/>@<a href=\"http:\/\/www.instagram.com\/paperstyle.quickborn\" target=\"_blank\" rel=\"noopener\">paperstyle.quickborn<\/a><br \/>Facebook <br \/>@<a href=\"https:\/\/facebook.com\/PaperStyle-112234247926573\" target=\"_blank\" rel=\"noopener\"> PaperStyle Quickborn<\/a><br \/>Pinterest<br \/>@<a href=\"https:\/\/pin.it\/5rvjHgR\" target=\"_blank\" rel=\"noopener\">paperstylequickborn<\/a><\/p>\n<\/div>\n<\/div>\n\n\n\n<div style=\"height:26px\" aria-hidden=\"true\" class=\"wp-block-spacer\"><\/div>\n\n\n\n<h5>Kontaktformular<\/h5>\n\n\n\n<div class=\"forminator-guttenberg\"><div class=\"forminator-ui forminator-custom-form forminator-custom-form-98 forminator-design--default  forminator_ajax\" data-forminator-render=\"0\" data-form=\"forminator-module-98\"><br\/><\/div><form\n\t\t\t\tid=\"forminator-module-98\"\n\t\t\t\tclass=\"forminator-ui forminator-custom-form forminator-custom-form-98 forminator-design--default  forminator_ajax\"\n\t\t\t\tmethod=\"post\"\n\t\t\t\tdata-forminator-render=\"0\"\n\t\t\t\tdata-form-id=\"98\"\n\t\t\t\t\n\t\t\t\tdata-design=\"default\"\n\t\t\t\t\n\t\t\t\t\n\t\t\t\t\n\t\t\t\tdata-grid=\"open\"\n\t\t\t\t\n\t\t\t\t\n\t\t\t\tstyle=\"display: none;\"\n\t\t\t><div class=\"forminator-response-message forminator-error\" aria-hidden=\"true\"><\/div><div class=\"forminator-row\"><div id=\"name-1\" class=\"forminator-col forminator-col-12 \"><div class=\"forminator-field\"><label for=\"forminator-field-name-1\" class=\"forminator-label\">Name <span class=\"forminator-required\">*<\/span><\/label><input type=\"text\" name=\"name-1\" value=\"\" placeholder=\"\" id=\"forminator-field-name-1\" class=\"forminator-input forminator-name--field\" aria-required=\"true\" \/><\/div><\/div><\/div><div class=\"forminator-row\"><div id=\"email-1\" class=\"forminator-col forminator-col-12 \"><div class=\"forminator-field\"><label for=\"forminator-field-email-1\" class=\"forminator-label\">Email Adresse <span class=\"forminator-required\">*<\/span><\/label><input type=\"email\" name=\"email-1\" value=\"\" placeholder=\"\" id=\"forminator-field-email-1\" class=\"forminator-input forminator-email--field\" data-required=\"true\" aria-required=\"true\" \/><\/div><\/div><\/div><div class=\"forminator-row\"><div id=\"phone-1\" class=\"forminator-col forminator-col-12 \"><div class=\"forminator-field\"><label for=\"forminator-field-phone-1\" class=\"forminator-label\">Telefon<\/label><input type=\"text\" name=\"phone-1\" value=\"\" placeholder=\"\" id=\"forminator-field-phone-1\" class=\"forminator-input forminator-field--phone\" data-required=\"\" aria-required=\"false\" autocomplete=\"off\" \/><\/div><\/div><\/div><div class=\"forminator-row\"><div id=\"textarea-1\" class=\"forminator-col forminator-col-12 \"><div class=\"forminator-field\"><label for=\"forminator-field-textarea-1\" class=\"forminator-label\">Nachricht<\/label><textarea name=\"textarea-1\" placeholder=\"Schreiben Sie hier Ihre Nachricht an uns...\" id=\"forminator-field-textarea-1\" class=\"forminator-textarea\" rows=\"6\" style=\"min-height:140px;\" maxlength=\"180\" ><\/textarea><span class=\"forminator-description\"><span data-limit=\"180\" data-type=\"characters\">0 \/ 180<\/span><\/span><\/div><\/div><\/div><input type=\"hidden\" name=\"referer_url\" value=\"\" \/><div class=\"forminator-row forminator-row-last\"><div class=\"forminator-col\"><div class=\"forminator-field\"><button class=\"forminator-button forminator-button-submit\">Absenden<\/button><\/div><\/div><\/div><input type=\"hidden\" id=\"forminator_nonce\" name=\"forminator_nonce\" value=\"ad1f7f0f35\" \/><input type=\"hidden\" name=\"_wp_http_referer\" value=\"\/index.php?rest_route=%2Fwp%2Fv2%2Fpages%2F73\" \/><input type=\"hidden\" name=\"form_id\" value=\"98\"><input type=\"hidden\" name=\"page_id\" value=\"73\"><input type=\"hidden\" name=\"form_type\" value=\"default\"><input type=\"hidden\" name=\"current_url\" value=\"https:\/\/swco.de\/?rest_route=%2Fwp%2Fv2%2Fpages%2F73\"><input type=\"hidden\" name=\"render_id\" value=\"0\"><input type=\"hidden\" name=\"action\" value=\"forminator_submit_form_custom-forms\"><label for=\"input_5\" class=\"forminator-hidden\" aria-hidden=\"true\">Please do not fill in this field. <input id=\"input_5\" type=\"text\" name=\"input_5\" value=\"\" autocomplete=\"off\"><\/label><\/form><\/div>\n\n\n\n<div style=\"height:26px\" aria-hidden=\"true\" class=\"wp-block-spacer\"><\/div>\n","protected":false},"excerpt":{"rendered":"<p>Bei uns sind Sie immer herzlich willkommen! Wir haben Ihr Interesse geweckt? Sie haben Fragen?Jederzeit k\u00f6nnen Sie sich mit uns in Verbindung [&hellip;]<\/p>\n","protected":false},"author":1,"featured_media":0,"parent":0,"menu_order":0,"comment_status":"closed","ping_status":"closed","template":"page-templates\/page_front-page.php","meta":[],"_links":{"self":[{"href":"https:\/\/swco.de\/index.php?rest_route=\/wp\/v2\/pages\/73"}],"collection":[{"href":"https:\/\/swco.de\/index.php?rest_route=\/wp\/v2\/pages"}],"about":[{"href":"https:\/\/swco.de\/index.php?rest_route=\/wp\/v2\/types\/page"}],"author":[{"embeddable":true,"href":"https:\/\/swco.de\/index.php?rest_route=\/wp\/v2\/users\/1"}],"replies":[{"embeddable":true,"href":"https:\/\/swco.de\/index.php?rest_route=%2Fwp%2Fv2%2Fcomments&post=73"}],"version-history":[{"count":21,"href":"https:\/\/swco.de\/index.php?rest_route=\/wp\/v2\/pages\/73\/revisions"}],"predecessor-version":[{"id":341,"href":"https:\/\/swco.de\/index.php?rest_route=\/wp\/v2\/pages\/73\/revisions\/341"}],"wp:attachment":[{"href":"https:\/\/swco.de\/index.php?rest_route=%2Fwp%2Fv2%2Fmedia&parent=73"}],"curies":[{"name":"wp","href":"https:\/\/api.w.org\/{rel}","templated":true}]}}